 20. Let f(p) = p**2 + 6*p + 5. Determine f(g).
0
Let t(c) be the first derivative of -c**5/20 - c**4/12 - 4*c - 3. Let l(q) be the first derivative of t(q). What is l(-1)?
0
Suppose 1 = -v + 4. Let p(a) = a**2 + 2 + 0*a**2 + v - 5*a. Let c(i) = -i**3 + 16*i**2 - 29*i + 19. Let d be c(14). What is p(d)?
5
Let a be ((-2)/(-6))/((-1)/3). Let g(y) be the third derivative of 1/24*y**4 + 1/6*y**3 + 2*y**2 + 0 + 0*y + 1/15*y**5. Give g(a).
4
Let d(r) = -8*r + 9. Let k(a) = -7*a + 10. Let b(i) = 1. Let q(w) = -2*b(w) + k(w). Let c(z) = -5*d(z) + 6*q(z). Calculate c(4).
-5
Suppose -3*t + 6 = -0*t. Let d(n) = 1 - 3 - n + n + n**2. What is d(t)?
2
Let h(a) = -a**2 + a + 2. Let r be h(2). Suppose 4*j - 4 = -r. Let g(p) = 5*p**2 - p + 1. What is g(j)?
5
Let p(f) be the first derivative of f**2 + f - 1/3*f**3 - 3. What is p(-2)?
-7
Let t(a) be the third derivative of a**6/120 - a**4/24 + 5*a**3/6 + 5*a**2. Give t(0).
5
Let a(o) = 3*o**2 - 3*o. Let f be (1 - 13)*(-6)/18. Let v = -3 - -1. Let z = v + f. Determine a(z).
6
Let m(s) = -7*s - 6. Let c(j) = -13*j - 11. Let w(t) = 6*c(t) - 11*m(t). Let z be w(4). Let d(n) = -n**2 - 7*n - 5. Determine d(z).
7
Let b = -1/524 + 1837/1572. Let o(r) be the third derivative of -1/24*r**4 + 0*r + r**2 + b*r**3 + 0. Give o(3).
4
Let g(h) = h**3 - 3*h**2 + 2. Let n(y) = y**3 - 7*y**2 + 2*y - 10. Let l be n(7). Let i = 33 - 29. Suppose 12 = 4*p, p + 1 + l = i*z. Calculate g(z).
-2
Let m be 4*3*3/6. Let c(g) = -g + 4. Give c(m).
-2
Let m(t) = -t**3 + 11*t**2 - 11*t + 12. Let n be m(10). Let u(w) be the third derivative of 0*w**3 + 0 - 1/12*w**4 + 3*w**n + 0*w. What is u(5)?
-10
Let f(n) = n**2 - 4*n - 5. Let z be f(5). Let t(i) = 0 + z - 5 + i. Calculate t(4).
-1
Suppose -59*y - 6 = -56*y. Let a(c) = 2*c**2 - 4*c - 3. Calculate a(y).
13
Let v(k) = k**3 + 6*k**2 + k. Suppose 4*h - 40 + 0 = 0. Suppose 0 = -4*g + h - 34. Give v(g).
-6
Let t(b) = b**2 - 5*b - 2. Let r(s) = 3*s + 2. Let o be r(-2). Let i = o + 7. Calculate t(i).
-8
Let q(z) = -z**2 - z + 5. Let a(s) = -s + 7. Let i be a(5). Let h be (-1 + 2)/(i/6). Let b be 0*(2 + 1)/h. What is q(b)?
5
Let r be 8*1 + (0 - -1). Suppose -2*n = -5*n + r. Suppose 2*x - 4*g = -2, 3*x + 3*g = 4*x + n. Let h(l) = l**3 - 5*l**2 + 5*l - 2. Determine h(x).
-5
Let j(l) = -l**3 + 5. Suppose -5*b + 2*i + 30 = 5*i, 0 = 5*b + 4*i - 25. Let z be (-2)/b + 4/18. Calculate j(z).
5
Let p(n) = n + 6. Let k(b) = -5*b - 34. Let s be k(-6). Determine p(s).
2
Suppose 3*u + 0*u = 0. Let h(i) = -3 + i + 1 + u*i + 1. Calculate h(-4).
-5
Let u(b) = b**3 - 3*b**2 + b + 3. Let d be u(3). Let q(s) = -s + 4*s - 4*s + 0*s + 2. What is q(d)?
-4
Suppose 4 = -4*m + 5*m. Suppose 4*j + 4*c = -12, 5*j + 2*c + m = 2*j. Suppose -2*w - 3*u + 0*u = 11, j*u + 10 = 0. Let o(l) = -2*l**2 - 2*l + 1. Give o(w).
-11
Let j = 19 - 17. Let l(x) = 22*x - 1 - 2*x**3 - 24*x - 2*x**j + 8*x**3. Calculate l(-1).
-7
Let m(l) = l - 10. Let g be m(4). Let t(n) = -3*n - 1. Let i(a) = 7*a + 1. Let q(v) = -2*i(v) - 5*t(v). Determine q(g).
-3
Let s = -30 + 29. Let y(x) = -11*x + 1. Give y(s).
12
Let r(q) = q**3 - q. Let l be (1 + 2 + -1)/(-2). Let s(w) = -w**3 - 6*w**2 + 7. Let k(y) = l*s(y) - 2*r(y). Determine k(6).
5
Let q(w) = -w**3 - 5*w**2 + 5*w - 7. Let z = -20 - -14. Calculate q(z).
-1
Let p(g) be the second derivative of g**3/6 + 7*g**2/2 - 5*g. Let d be p(-4). Let v(w) = w**3 - 4*w**2 - w + 4. What is v(d)?
-8
Let n be 4/8 + 12/8. Let c(u) = -u**3 + 3*u**2 - 3*u + 1. Calculate c(n).
-1
Suppose 0 = -j - 2*j. Let h = 6 - 2. Let n(k) = -2 - h*k**2 - 2*k**2 + 5*k**2. Determine n(j).
-2
Let t = 39 - 57. Let i be (-68)/(-18) - 4/t. Let f(v) = -3*v - 1. Let j(d) = 2*d + 1. Let k(c) = 4*f(c) + 5*j(c). What is k(i)?
-7
Let h be 8/(-14)*(-154)/(-44). Let n(q) = q**2 - 2*q - 3. Calculate n(h).
5
Let r(f) = -f**2 - 7*f - 8. Let c be r(-6). Let m(i) = -8*i**3 - 10*i**2 - i + 8. Let a(n) = -n**3 - n**2 + 1. Let s(l) = -6*a(l) + m(l). Calculate s(c).
4
Let a(i) be the first derivative of -1/2*i**2 - i + 5. Let z = 0 + 4. Give a(z).
-5
Let s(m) = -m + 6. Let c = -12 + 18. Calculate s(c).
0
Let g(o) be the first derivative of -4*o - 3 + 1/2*o**2. Give g(0).
-4
Let y(k) = k - 2. Suppose 2 + 6 = -2*x. Let g be (-7)/x - (-1)/4. Let l = g - -2. Calculate y(l).
2
Let d(b) = 4*b**2 - b**3 + 0*b**2 - 5*b**2 + 7 - 2*b**2 + 8*b. Calculate d(-5).
17
Let o(u) = u. Let q be (-46)/14 - (-4)/14. Let w = q - -4. Let v(h) = -2*h. Let z(c) = w*o(c) + v(c). What is z(-4)?
4
Let z = 6 - 1. Let d(b) be the second derivative of -b**5/60 + b**4/8 + b**3/2 - 2*b**2 - 2*b. Let c(l) be the first derivative of d(l). Determine c(z).
-7
Let i(h) = h. Let t(r) = -2*r - 1. Let g(p) = 5*i(p) + 2*t(p). Suppose 2*n = -n. Determine g(n).
-2
Let b(x) = x**3 - 7*x + 6. Let c be b(2). Let i(y) = -y**3 + y + 12. Calculate i(c).
12
Let p be (6/9 - 0)*3. Let b(g) = -3*g - p*g + 2*g - 1. Determine b(1).
-4
Suppose 2*n - 5 = -3. Suppose 9*p + 2*a - 23 = 4*p, -p - 5*a + 23 = 0. Let o(h) = -3*h - p*h + 93 - 94. Determine o(n).
-7
Let p(m) = -m**3 - 7*m**2 - 5*m - 1. Let d(q) = 3*q**3 + 20*q**2 + 14*q + 3. Let u(c) = -6*d(c) - 17*p(c). Determine u(-2).
1
Suppose 4*o = -3 + 19. Let v = -4 + o. Let l(p) = -9*p + v*p**2 + 2*p + p**2 + 3. Give l(5).
-7
Let t(l) = -l + 0*l - 7*l**2 + 0*l - 1. Suppose -8*d - 4 = 4. What is t(d)?
-7
Let j(y) = -y**3 - y**2 + 5. Suppose 6 = 2*x - 0. Suppose -2*m + x*m = -5*n - 25, 2*n + 10 = -m. Calculate j(m).
5
Let r(n) = -n**2 - 2*n - 1. Let l be ((-9)/(-6))/((-2)/4). Calculate r(l).
-4
Let t(n) = -n**3 - 4*n**2. Suppose -9 = -4*k - 1. Suppose -k*x + 3 = f, -4*x + f + 7 = 4*f. Let h be x/(-2) - (-7)/(-2). Calculate t(h).
0
Let d = 0 + 6. Let t(o) be the third derivative of o**4/24 - 2*o**3 - o**2. Determine t(d).
-6
Let l(f) = 2 + 5 - 7 + 6*f. Determine l(3).
18
Let d(q) be the first derivative of 2 - 2*q**2 + 3*q**2 - 2*q**2 + 1. What is d(3)?
-6
Let w(p) = 10*p**3 + 1 + 4*p**2 - 2*p**2 - 164*p + 166*p. Give w(-1).
-9
Let s(p) = 4 + 3 - 4 + p - 2. Let d(j) = -6*j - 11. Let v(u) = -d(u) - 4*s(u). Determine v(-5).
-3
Let i(l) = 6*l. Suppose 0 = 2*n + 3*n - 10. Let c be (n/(-3))/(12/18). Give i(c).
-6
Let p(l) = 0 + 5*l - 6*l + 4. Suppose 4*o + 9 = 33. What is p(o)?
-2
Let x(a) = -a - 5. Let v be x(-10). Let l(h) = h**3 - 6*h**2 + h - 5. Calculate l(v).
-25
Let n(o) = -o**3 + 21*o**2 - 21*o + 20. Let p be n(20). Let j(t) be the second derivative of t**5/20 + t**4/12 + t**2/2 - t. Give j(p).
1
Let p be (-11)/(231/153) - (-4)/14. Let f(q) = -q**2 - 9*q - 2. Give f(p).
12
Let c(v) = -v**2 - 7*v - 1. Let i(k) = -k**2 - 5*k - 8. Let n be i(-4). Calculate c(n).
11
Let o(x) = x**3 - 2*x**2 - 8*x + 4. Let g be o(4). Let i(z) = z**2 - 6*z + 3. What is i(g)?
-5
Let y(u) be the third derivative of 0 + u**2 + 0*u + 1/2*u**3 - 1/6*u**4. Give y(4).
-13
Let m be (-5)/4 - (-1)/4. Let f(d) be the third derivative of -d**6/24 + d**5/60 + d**4/12 + d**3/6 + d**2 - 5*d. Determine f(m).
5
Suppose 0 = -g - 5*g - 12. Let d(n) = 2*n**2 - n + 1. Calculate d(g).
11
Let n(w) = -w**3 - 2*w**2 + 4*w + 3. Let j = 12 - 15. Calculate n(j).
0
Let c(f) = f**2 - f - 4. Let u = 2 - -2. Suppose 4 = u*q - n, -4*q + 5*q + 4*n = -16. Let a be (q/1)/((-10)/5). Calculate c(a).
-4
Let x be -3*((-8)/(-6) + -2). Let n be (4/10)/(2/20). Let j(c) = -n*c + 2*c + c. Give j(x).
-2
Let g(q) = 4*q**2 - q + 3. Let n(d) = 3*d**2 - 2*d + 3. Let h(v) = 4*g(v) - 5*n(v). Give h(-6).
-3
Let w = 7 + -5. Let r(d) = 2 + 4*d + 0*d**2 - 2*d**2 - 1 + d**w. Calculate r(3).
4
Let v = 30 + -33. Let l(q) = -q**2 + q - 1. Give l(v).
-13
Let q(g) = -2*g. Let o(j) = j + 1. Suppose -3 - 2 = -5*w. Let x(t) = -t**3 + 5*t**2 - 7*t - 5. Let a(y) = w*x(y) + 4*o(y). Let i be a(4). Calculate q(i).
-6
Let v(g) = -g**3 - 4*g**2 - 4*g - 4. Let n be v(-3). Let c(j) = 2 - 3 - 1 + 5*j**2 + 1 - 2*j. What is c(n)?
6
Suppose -4*d + 55 = 59. Let n(y) = y. Give n(d).
-1
Let b(j) = -5*j**2 + j - 1. Let u = -19 + 20. Calculate b(u).
-5
Let x = -6 + 10. Let o(a) = -2 + 3*a - x - a. Give o(6).
6
Let s be (-1)/4 - 15/20. Let n be (0/2 - -1)*s. Let u(x) be the third derivative of x**5/20 + x**4/24 + x**3/6 + x**2. Calculate u(n).
3
Let t be 6/(5*12/40). Let i(m) = -m**3 + 3*m**2 - 2*m - 3. What is i(t)?
-27
Let h(n) = -5*n**3 + n. Let c be h(1). Let z(q) be th